80.
160
What is the greatest common factor of 102 and 1513?
17
Calculate the greatest common divisor of 312 and 3848.
104
Calculate the greatest common divisor of 238 and 136.
34
Calculate the highest common divisor of 2555 and 35.
35
What is the highest common factor of 68 and 8?
4
What is the highest common divisor of 663 and 39?
39
Calculate the highest common factor of 3374 and 14.
14
Calculate the greatest common factor of 3318 and 42.
42
What is the greatest common divisor of 408 and 96?
24
Calculate the highest common factor of 5775 and 150.
75
What is the highest common factor of 1500 and 12?
12
Calculate the greatest common divisor of 39168 and 153.
153
What is the highest common divisor of 480 and 15?
15
Calculate the greatest common divisor of 4 and 164.
4
Calculate the highest common divisor of 22703 and 73.
73
What is the highest common divisor of 88 and 1232?
88
What is the highest common divisor of 56 and 1064?
56
What is the highest common factor of 289 and 68?
17
What is the highest common factor of 7 and 7?
7
Calculate the greatest common divisor of 250 and 4.
2
Calculate the greatest common factor of 60 and 2720.
20
What is the highest common factor of 1428 and 168?
84
Calculate the greatest common divisor of 2360 and 8.
8
Calculate the greatest common factor of 756 and 24.
12
What is the greatest common divisor of 1271 and 1927?
41
Calculate the highest common divisor of 2108 and 744.
124
What is the greatest common factor of 17484 and 744?
372
Calculate the highest common divisor of 358 and 8771.
179
What is the highest common factor of 2150 and 86?
86
What is the highest common factor of 488 and 11834?
122
Calculate the highest common divisor of 266 and 76.
38
Calculate the highest common factor of 184 and 23.
23
What is the greatest common divisor of 20 and 940?
20
What is the highest common factor of 608 and 722?
38
Calculate the greatest common divisor of 2250 and 15.
15
What is the highest common divisor of 42 and 3738?
42
Calculate the greatest common factor of 217 and 93.
31
Calculate the highest common divisor of 16 and 12.
4
What is the highest common factor of 12 and 498?
6
Calculate the highest common factor of 63 and 4473.
63
Calculate the greatest common divisor of 23200 and 80.
80
What is the greatest common factor of 192 and 40?
8
Calculate the greatest common divisor of 36 and 1791.
9
What is the greatest common divisor of 236 and 8?
4
What is the highest common divisor of 5358 and 114?
114
Calculate the highest common divisor of 3675 and 9.
3
Calculate the greatest common divisor of 918 and 27.
27
Calculate the greatest common factor of 630 and 140.
70
What is the greatest common factor of 416 and 1469?
13
What is the highest common divisor of 1935 and 90?
45
Calculate the highest common divisor of 180 and 195.
15
Calculate the greatest common factor of 6 and 33.
3
Calculate the highest common factor of 20 and 136.
4
Calculate the highest common factor of 2 and 82.
2
What is the greatest common factor of 285 and 228?
57
What is the greatest common factor of 992 and 224?
32
What is the greatest common factor of 34 and 3791?
17
Calculate the greatest common factor of 2809 and 477.
53
Calculate the greatest common factor of 1500 and 875.
125
Calculate the greatest common divisor of 9 and 489.
3
What is the highest common divisor of 35 and 693?
7
What is the highest common divisor of 360 and 5832?
72
What is the highest common divisor of 21 and 3318?
21
Calculate the highest common divisor of 108 and 12.
12
What is the highest common factor of 164 and 4633?
41
What is the greatest common factor of 27 and 7?
1
Calculate the highest common divisor of 2 and 58.
2
What is the highest common factor of 13600 and 16?
16
What is the highest common divisor of 120 and 2112?
24
What is the greatest common factor of 34 and 442?
34
Calculate the greatest common divisor of 931 and 1216.
19
What is the greatest common divisor of 5084 and 1886?
82
Calculate the greatest common factor of 36195 and 15.
15
What is the highest common factor of 67 and 603?
67
What is the greatest common factor of 585 and 45?
45
What is the greatest common divisor of 430 and 344?
86
Calculate the greatest common factor of 28 and 3059.
7
Calculate the highest common factor of 792 and 144.
72
What is the greatest common factor of 55414 and 206?
206
What is the highest common factor of 57 and 75?
3
What is the greatest common factor of 650 and 25?
25
Calculate the greatest common factor of 60 and 16770.
30
Calculate the highest common factor of 8 and 2696.
8
Calculate the greatest common factor of 32 and 8.
8
Calculate the highest common divisor of 15912 and 1428.
204
Calculate the highest common factor of 602 and 172.
86
Calculate the greatest common divisor of 529 and 322.
23
Calculate the highest common factor of 18 and 4590.
18
What is the greatest common divisor of 2948 and 176?
44
What is the greatest common divisor of 2494 and 516?
86
Calculate the greatest common factor of 30 and 470.
10
Calculate the highest common divisor of 560 and 336.
112
Calculate the greatest common factor of 171 and 38.
19
Calculate the greatest common factor of 59 and 1829.
59
What is the greatest common factor of 35 and 315?
35
What is the highest common divisor of 876 and 6?
6
Calculate the greatest common factor of 60 and 132.
12
What is the greatest common divisor of 60 and 200?
20
What is the greatest common factor of 2133 and 1343?
79
Calculate the highest common factor of 3345 and 15.
15
Calculate the highest common factor of 4 and 1282.
2
What is the highest common factor of 6045 and 1116?
93
What is the greatest common divisor of 156 and 364?
52
Calculate the highest common divisor of 59 and 531.
59
What is the greatest common divisor of 76 and 16853?
19
What is the greatest common divisor of 80 and 7240?
40
What is the greatest common divisor of 18668 and 156?
52
What is the greatest common factor of 88 and 1078?
22
Calculate the greatest common divisor of 781 and 497.
71
Calculate the highest common divisor of 424 and 530.
106
What is the greatest common factor of 182 and 39?
13
Calculate the greatest common divisor of 1386 and 70.
14
Calculate the greatest common divisor of 459 and 54.
27
Calculate the highest common divisor of 8207 and 58.
29
Calculate the highest common factor of 272 and 102.
34
Calculate the highest common divisor of 420 and 16140.
60
Calculate the highest common factor of 198 and 44.
22
What is the highest common divisor of 8946 and 504?
126
Calculate the highest common factor of 316 and 19671.
79
Calculate the greatest common divisor of 207 and 3036.
69
What is the highest common divisor of 612 and 272?
68
Calculate the highest common divisor of 156 and 364.
52
What is the greatest common factor of 240 and 32?
16
What is the highest common factor of 112 and 210?
14
What is the highest common factor of 5 and 4315?
5
What is the highest common factor of 80 and 48?
16
What is the highest common divisor of 25 and 15?
5
What is the greatest common factor of 357 and 646?
17
What is the highest common divisor of 14430 and 37?
37
Calculate the highest common divisor of 18 and 8577.
9
Calculate the greatest common divisor of 165 and 198.
33
Calculate the highest common divisor of 66 and 110.
22
Calculate the greatest common factor of 83 and 83.
83
Calculate the greatest common factor of 728 and 16.
8
Calculate the greatest common divisor of 40 and 11152.
8
What is the greatest common divisor of 25 and 175?
25
What is the greatest common divisor of 25612 and 76?
76
What is the highest common divisor of 170 and 578?
34
What is the greatest common factor of 266 and 152?
38
What is the highest common factor of 6108 and 132?
12
What is the greatest common factor of 1107 and 243?
27
Calculate the greatest common divisor of 6 and 726.
6
Calculate the highest common divisor of 33328 and 64.
16
Calculate the greatest common divisor of 10 and 2.
2
Calculate the greatest common divisor of 123 and 7749.
123
What is the highest common divisor of 1085 and 280?
35
Calculate the highest common factor of 1474 and 154.
22
What is the highest common factor of 14 and 238?
14
What is the highest common divisor of 6 and 66?
6
Calculate the greatest common divi